
4d (base 15) to base 12
61
Convert -17 (base 12) to base 7.
-25
5 (base 13) to base 14
5
1 (base 4) to base 8
1
9 (base 15) to base 9
10
What is 4 (base 8) in base 15?
4
What is -4b (base 12) in base 6?
-135
What is -46 (base 8) in base 16?
-26
What is 4 (base 8) in base 9?
4
What is 2 (base 12) in base 11?
2
-3 (base 5) to base 3
-10
What is 225 (base 6) in base 12?
75
Convert 19 (base 10) to base 2.
10011
10122 (base 3) to base 7
200
-d (base 16) to base 15
-d
-4 (base 13) to base 10
-4
Convert 1 (base 3) to base 14.
1
What is -1 (base 4) in base 13?
-1
What is -24 (base 10) in base 9?
-26
Convert -1000001 (base 2) to base 15.
-45
What is 8 (base 10) in base 13?
8
Convert 0 (base 14) to base 10.
0
Convert 36 (base 16) to base 8.
66
Convert 1 (base 4) to base 11.
1
Convert 3 (base 10) to base 3.
10
What is 18 (base 15) in base 13?
1a
Convert 59 (base 16) to base 14.
65
What is 3233 (base 4) in base 6?
1035
Convert -23 (base 14) to base 3.
-1011
101 (base 6) to base 12
31
c (base 14) to base 12
10
-10 (base 2) to base 14
-2
40 (base 8) to base 2
100000
-50 (base 9) to base 12
-39
What is -11 (base 16) in base 6?
-25
1 (base 12) to base 10
1
What is -4 (base 16) in base 4?
-10
Convert -12 (base 3) to base 9.
-5
Convert 252 (base 6) to base 3.
10212
100000 (base 2) to base 10
32
What is 23 (base 16) in base 11?
32
Convert -10010110 (base 2) to base 16.
-96
202 (base 14) to base 15
1b4
Convert 220 (base 5) to base 10.
60
Convert -17 (base 11) to base 13.
-15
What is 3 (base 7) in base 5?
3
1301 (base 5) to base 10
201
-123 (base 6) to base 3
-1220
20 (base 5) to base 14
a
What is 21010 (base 3) in base 9?
233
-b (base 13) to base 12
-b
What is -a7 (base 15) in base 10?
-157
Convert 0 (base 6) to base 4.
0
What is 1 (base 12) in base 15?
1
13 (base 12) to base 11
14
-58 (base 10) to base 12
-4a
What is 70 (base 9) in base 8?
77
What is -51 (base 9) in base 13?
-37
What is a2 (base 16) in base 8?
242
-23 (base 9) to base 10
-21
What is -203 (base 4) in base 2?
-100011
-4 (base 14) to base 5
-4
0 (base 11) to base 5
0
Convert -56 (base 14) to base 2.
-1001100
What is 54 (base 13) in base 7?
126
Convert 6 (base 12) to base 13.
6
Convert c (base 15) to base 4.
30
-5 (base 8) to base 13
-5
What is 46 (base 14) in base 5?
222
-4 (base 14) to base 4
-10
430 (base 5) to base 2
1110011
-3 (base 15) to base 2
-11
34 (base 10) to base 3
1021
What is 318 (base 9) in base 3?
100122
1 (base 9) to base 11
1
Convert 1010 (base 3) to base 12.
26
What is -1 (base 8) in base 14?
-1
-25 (base 11) to base 2
-11011
10101 (base 2) to base 3
210
What is -1 (base 16) in base 5?
-1
What is -2 (base 16) in base 6?
-2
2 (base 6) to base 4
2
Convert -1 (base 15) to base 4.
-1
Convert -332 (base 4) to base 13.
-4a
Convert -3d (base 16) to base 2.
-111101
What is 0 (base 3) in base 7?
0
Convert -82 (base 10) to base 4.
-1102
Convert 1 (base 2) to base 7.
1
Convert -16 (base 8) to base 9.
-15
Convert -33 (base 15) to base 10.
-48
Convert 3 (base 10) to base 4.
3
What is -220 (base 4) in base 11?
-37
Convert -3 (base 14) to base 15.
-3
Convert 2 (base 15) to base 12.
2
25 (base 15) to base 14
27
Convert -44 (base 16) to base 15.
-48
Convert -307 (base 10) to base 8.
-463
Convert -3 (base 13) to base 2.
-11
-12 (base 6) to base 7
-11
Convert -246 (base 10) to base 8.
-366
Convert 4 (base 7) to base 10.
4
What is 9 (base 12) in base 13?
9
What is 2 (base 9) in base 12?
2
11 (base 12) to base 10
13
1 (base 16) to base 13
1
Convert -13 (base 4) to base 13.
-7
Convert 422 (base 5) to base 8.
160
What is -4 (base 8) in base 16?
-4
What is 79 (base 15) in base 3?
11020
Convert -7b (base 15) to base 12.
-98
Convert -b7 (base 14) to base 16.
-a1
Convert -1 (base 3) to base 4.
-1
What is 0 (base 14) in base 15?
0
-1100 (base 2) to base 13
-c
Convert -91 (base 15) to base 13.
-a6
Convert -416 (base 7) to base 13.
-131
Convert -1 (base 10) to base 13.
-1
What is -1 (base 10) in base 13?
-1
Convert -112 (base 3) to base 15.
-e
1 (base 3) to base 16
1
What is 46 (base 11) in base 3?
1212
3 (base 14) to base 8
3
Convert 5 (base 13) to base 10.
5
Convert a (base 16) to base 10.
10
Convert a (base 16) to base 15.
a
Convert 2 (base 10) to base 16.
2
Convert 8 (base 13) to base 14.
8
What is 22222 (base 3) in base 4?
3302
What is 15 (base 6) in base 15?
b
Convert -11 (base 4) to base 10.
-5
52 (base 14) to base 13
57
What is -3 (base 16) in base 11?
-3
Convert -2 (base 16) to base 8.
-2
Convert 6 (base 14) to base 15.
6
2 (base 15) to base 12
2
What is 12 (base 7) in base 13?
9
What is -21 (base 16) in base 11?
-30
Convert 2 (base 11) to base 15.
2
What is -55 (base 11) in base 12?
-50
33 (base 10) to base 2
100001
Convert -1012 (base 3) to base 5.
-112
Convert -1 (base 9) to base 13.
-1
What is -11000011 (base 2) in base 8?
-303
What is -27 (base 9) in base 10?
-25
Convert -7 (base 15) to base 9.
-7
What is 31 (base 8) in base 7?
34
What is -1 (base 11) in base 9?
-1
Convert 117 (base 8) to base 15.
54
Convert -231 (base 5) to base 10.
-66
Convert 12 (base 7) to base 15.
9
Convert -10 (base 6) to base 5.
-11
Convert 2102 (base 4) to base 10.
146
What is 2 (base 3) in base 4?
2
Convert 20 (base 15) to base 7.
42
What is -6 (base 15) in base 2?
-110
What is -1c (base 15) in base 16?
-1b
9 (base 13) to base 3
100
What is -db (base 15) in base 7?
-413
-22110 (base 3) to base 14
-124
What is -120 (base 5) in base 14?
-27
What is 2 (base 15) in base 10?
2
101 (base 2) to base 8
5
What is -3 (base 11) in base 10?
-3
What is 23 (base 12) in base 2?
11011
What is -22 (base 4) in base 2?
-1010
6 (base 13) to base 7
6
a (base 16) to base 11
a
-34 (base 11) to base 8
-45
What is 10001110 (base 2) in base 7?
262
Convert -1000 (base 2) to base 13.
-8
Convert 0 (base 12) to base 14.
0
10111 (base 2) to base 11
21
Convert -2022 (base 3) to base 4.
-332
-1 (base 6) to base 14
-1
220 (base 3) to base 12
20
-b (base 13) to base 8
-13
-10 (base 2) to base 8
-2
Convert -1 (base 2) to base 10.
-1
Convert 15 (base 14) to base 15.
14
3 (base 6) to base 11
3
1111 (base 2) to base 12
13
1 (base 6) to base 15
1
What is -2 (base 8) in base 7?
-2
What is 1 (base 3) in base 5?
1
What is -3 (base 14) in base 4?
-3
0 (base 15) to base 14
0
What is -137 (base 10) in base 16?
-89
-5e (base 16) to base 3
-10111
Convert 0 (base 8) to base 4.
0
4 (base 13) to base 4
10
What is -1001010 (base 2) in base 10?
-74
What is b4 (base 16) in base 4?
2310
What is -2 (base 7) in base 8?
-2
What is 3 (base 10) in base 16?
3
-3 (base 4) to base 9
-3
33 (base 6) to base 16
15
Convert 0 (base 3) to base 10.
0
-113 (base 6) to base 7
-63
-21 (base 4) to base 13
-9
What is 112 (base 3) in base 4?
32
Convert 1 (base 8) to base 5.
1
Convert -1 (base 11) to base 7.
-1
Convert -211 (base 4) to base 5.
-122
Convert bb (base 14) to base 4.
2211
Convert -13 (base 10) to base 15.
-d
What is 1 (base 8) in base 3?
1
-1001110 (base 2) to base 4
-1032
4 (base 14) to base 4
10
Convert -145 (base 6) to base 3.
-2102
-4 (base 9) to base 10
-4
What is 2 (base 10) in base 4?
2
-324 (base 6) to base 15
-84
3 (base 13) to base 5
3
Convert 212 (base 3) to base 11.
21
-12 (base 14) to base 15
-11
173 (base 8) to base 11
102
What is 12 (base 3) in base 2?
101
-b (base 13) to base 6
-15
-353 (base 7) to base 10
-185
What is -5 (base 16) in base 15?
-5
111 (base 2) to base 5
12
What is 62 (base 7) in base 6?
112
Convert 0 (base 5) to base 9.
0
What is -12 (base 4) in base 16?
-6
What is -554 (base 6) in base 16?
-d6
-12 (base 4) to base 11
-6
What is 113 (base 6) in base 12?
39
Convert -31 (base 7) to base 9.
-24
-1 (base 2) to base 3
-1
Convert -11 (base 8) to base 13.
-9
-23 (base 5) to base 3
-111
What is 43 (base 6) in base 11?
25
What is -21 (base 7) in base 3?
-120
Convert -1 (base 16) to base 11.
-1
What is 30 (base 6) in base 4?
102
-131 (base 5) to base 2
-101001
What is 33 (base 8) in base 2?
11011
Convert 15 (base 8) to base 5.
23
Convert -1 (base 16) to base 8.
-1
Convert 157 (base 10) to base 2.
10011101
What is 35 (base 8) in base 7?
41
-11 (base 6) to base 3
-21
What is -13 (base 9) in base 14?
-c
0 (base 10) to base 4
0
Convert 3 (base 4) to base 2.
11
What is -2 (base 7) in base 11?
-2
Convert -10201 (base 3) to base 2.
-1100100
What is 111 (base 3) 